{"id":8,"date":"2017-10-13T18:45:47","date_gmt":"2017-10-13T16:45:47","guid":{"rendered":"http:\/\/www.akitafundacja.pl\/?page_id=8"},"modified":"2022-03-22T17:48:44","modified_gmt":"2022-03-22T16:48:44","slug":"cele-statutowe","status":"publish","type":"page","link":"https:\/\/www.akitafundacja.pl\/index.php\/cele-statutowe\/","title":{"rendered":"Cele statutowe"},"content":{"rendered":"<h4><span style=\"color: #33cccc;\">Celem Fundacji jest dzia\u0142alno\u015b\u0107 spo\u0142ecznie u\u017cyteczna na rzecz og\u00f3\u0142u spo\u0142eczno\u015bci w zakresie:<\/span><\/h4>\n<ul>\n<li>dzia\u0142alno\u015bci pomocy spo\u0142ecznej, w tym pomocy rodzinom i osobom w trudnej sytuacji \u017cyciowej,<\/li>\n<li>ochrony zdrowia oraz dzia\u0142ania na rzecz os\u00f3b niepe\u0142nosprawnych,<\/li>\n<li>dzia\u0142alno\u015bci wspomagaj\u0105cej rodziny borykaj\u0105ce si\u0119 z uzale\u017cnieniami,<\/li>\n<li>nauki, edukacji, o\u015bwiaty i wychowania,<\/li>\n<li>dzia\u0142alno\u015bci wspomagaj\u0105cej technicznie, szkoleniowo, informacyjnie lub finansowo inne organizacje wykonuj\u0105ce zadania wymienione wy\u017cej,<\/li>\n<\/ul>\n<p class=\"Standard\">i wspieranie tej dzia\u0142alno\u015bci, poprzez:<\/p>\n<ul>\n<li>skupienie wok\u00f3\u0142 idei Fundacji przedstawicieli r\u00f3\u017cnych \u015brodowisk, organizacji i instytucji.<\/li>\n<li>organizowanie zebra\u0144, konferencji, szkole\u0144, odczyt\u00f3w i imprez,<\/li>\n<li>kampanie informacyjne, wydawnictwa i inne formy medialne,<\/li>\n<li>organizowanie i finansowanie specjalistycznych o\u015brodk\u00f3w, poradni, zak\u0142ad\u00f3w i szk\u00f3\u0142,<\/li>\n<li>pozyskiwanie zasob\u00f3w materialnych i organizowanie zaopatrzenia technicznego,<\/li>\n<li>inwestycje, adaptacje, remonty i lokale, wyposa\u017canie o\u015brodk\u00f3w i innych form,<\/li>\n<li>tworzenie, finansowanie i prowadzenie program\u00f3w przedsi\u0119wzi\u0119\u0107 i in.,<\/li>\n<\/ul>\n<p><strong>Dzia\u0142ania Fundacji s\u0105 \u201enon profit\u201d.<\/strong><\/p>\n<p class=\"Standard\">Fundacja jest powo\u0142ana do finansowania okre\u015blonych zada\u0144 w granicach okre\u015blonych jej celem. Dla urzeczywistnienia cel\u00f3w statutowych Fundacja prowadzi dzia\u0142alno\u015b\u0107 gospodarcz\u0105. Doch\u00f3d z dzia\u0142alno\u015bci gospodarczej s\u0142u\u017cy wy\u0142\u0105cznie realizacji cel\u00f3w statutowych lub zada\u0144 nale\u017c\u0105cych do sfery zada\u0144 publicznych.<\/p>\n<p><span style=\"color: #ff0000;\"><strong>Fundacja prowadzi <\/strong><strong>dzia\u0142alno\u015b\u0107 nieodp\u0142atn\u0105 w zakresie<\/strong><strong> : <\/strong><\/span><\/p>\n<p><strong>1)<\/strong> <strong>pomocy spo\u0142ecznej, w tym pomocy rodzinom i osobom w trudnej sytuacji <\/strong><strong>\u017cyciowej.<\/strong><\/p>\n<p>Organizacja spotka\u0144 z osobami poszukuj\u0105cymi pomocy, prowadzenie konsultacji specjalistycznych jak porady psychologa, pedagoga, psychiatry, lekarza rodzinnego. Kierowanie do innych instytucji. Pomoc w rozwi\u0105zywaniu kryzys\u00f3w w rodzinie. Obs\u0142uga telefonu zaufania.<\/p>\n<p><strong>2) <\/strong><strong>ochrony i promocji zdrowia. <\/strong><\/p>\n<p>Organizacja prelekcji wyk\u0142ad\u00f3w dotycz\u0105cych ochrony zdrowia, promocji zdrowego od\u017cywiania i zdrowego wypoczynku. Audycje radiowe. Edukacja w zakresie nowych terapii, porady dietetyka. Propagowanie profilaktyki w utrzymaniu zdrowia. Wsp\u00f3\u0142praca z innymi organizacjami i fundacjami.<\/p>\n<p><strong>3) dzia\u0142alno\u015bci na rzecz os\u00f3b niepe\u0142nosprawnych;<\/strong><\/p>\n<p>Praca na rzecz os\u00f3b niepe\u0142nosprawnych w zakresie konsultacji, bezpo\u015bredniej pomocy fizjoterapeutycznej, pomocy w informowaniu dot. sprz\u0119tu rehabilitacyjnego, zach\u0119canie do zwi\u0119kszania zakresu ich samodzielno\u015bci. Pomoc psychologiczna, pedagogiczna i z zakresu porad lekarza rodzinnego. Prowadzenie warsztat\u00f3w plastycznych i muzykoterapii. Obs\u0142uga telefonu zaufania<\/p>\n<p><strong>4) dzia\u0142alno\u015bci na rzecz os\u00f3b w wieku emerytalnym;<\/strong><\/p>\n<p>Organizowanie zada\u0144 dla os\u00f3b w wieku emerytalnym potrzebnych w ich rodzinie lub w s\u0105siedztwie w sytuacji kryzysu rodziny. Pomoc indywidualna dla os\u00f3b starszych wykonuj\u0105cych zadania pomocnicze, pomoc psychologiczna i doradcza. Prelekcje, konferencje na temat zdrowia i wykorzystania potencja\u0142u os\u00f3b starszych dla dobra rodziny i spo\u0142ecze\u0144stwa. Obs\u0142uga telefonu zaufania.<\/p>\n<p><strong>5) przeciwdzia\u0142ania uzale\u017cnieniom i patologiom spo\u0142ecznym.<\/strong><\/p>\n<p class=\"Standard\">Udzia\u0142 w mediach w audycjach radiowych i telewizjjnych, prowadzenie prelekcji w szko\u0142ach, udzia\u0142 w konferencjach naukowych i spo\u0142ecznych. Rozdawanie ulotek, rozwieszanie plakat\u00f3w o tematyce propaguj\u0105cej trze\u017awo\u015b\u0107. Organizowanie konferencji i odczyt\u00f3w. Wsp\u00f3\u0142praca z pras\u0105. Prowadzenie konsultacji indywidualnych i zbiorowych, porad psychologicznych, pedagogicznych, porad lekarskich. Prowadzenie telefonu zaufania. Prowadzenie konsultacji i porad prawnych. Tworzenie grup wsparcia i samopomocy dla ofiar przemocy i dla rodzin. Wsp\u00f3\u0142praca ze szko\u0142ami, Opiek\u0105 Spo\u0142eczn\u0105 oraz Komisj\u0105 ds. Rozwi\u0105zywania Problem\u00f3w Alkoholowych. Wsp\u00f3\u0142praca z Ko\u015bcio\u0142em<\/p>\n","protected":false},"excerpt":{"rendered":"<p>Celem Fundacji jest dzia\u0142alno\u015b\u0107 spo\u0142ecznie u\u017cyteczna na rzecz og\u00f3\u0142u spo\u0142eczno\u015bci w zakresie: dzia\u0142alno\u015bci pomocy spo\u0142ecznej, w tym pomocy rodzinom i osobom w trudnej sytuacji \u017cyciowej, ochrony zdrowia oraz dzia\u0142ania na rzecz os\u00f3b niepe\u0142nosprawnych, dzia\u0142alno\u015bci wspomagaj\u0105cej rodziny borykaj\u0105ce si\u0119 z uzale\u017cnieniami, nauki, edukacji, o\u015bwiaty i wychowania, dzia\u0142alno\u015bci wspomagaj\u0105cej technicznie, szkoleniowo, informacyjnie.<\/p>\n","protected":false},"author":1,"featured_media":0,"parent":0,"menu_order":0,"comment_status":"closed","ping_status":"closed","template":"","meta":{"_monsterinsights_skip_tracking":false,"_monsterinsights_sitenote_active":false,"_monsterinsights_sitenote_note":"","_monsterinsights_sitenote_category":0,"footnotes":""},"class_list":["post-8","page","type-page","status-publish","hentry","no-post-thumbnail"],"_links":{"self":[{"href":"https:\/\/www.akitafundacja.pl\/index.php\/wp-json\/wp\/v2\/pages\/8","targetHints":{"allow":["GET"]}}],"collection":[{"href":"https:\/\/www.akitafundacja.pl\/index.php\/wp-json\/wp\/v2\/pages"}],"about":[{"href":"https:\/\/www.akitafundacja.pl\/index.php\/wp-json\/wp\/v2\/types\/page"}],"author":[{"embeddable":true,"href":"https:\/\/www.akitafundacja.pl\/index.php\/wp-json\/wp\/v2\/users\/1"}],"replies":[{"embeddable":true,"href":"https:\/\/www.akitafundacja.pl\/index.php\/wp-json\/wp\/v2\/comments?post=8"}],"version-history":[{"count":3,"href":"https:\/\/www.akitafundacja.pl\/index.php\/wp-json\/wp\/v2\/pages\/8\/revisions"}],"predecessor-version":[{"id":2703,"href":"https:\/\/www.akitafundacja.pl\/index.php\/wp-json\/wp\/v2\/pages\/8\/revisions\/2703"}],"wp:attachment":[{"href":"https:\/\/www.akitafundacja.pl\/index.php\/wp-json\/wp\/v2\/media?parent=8"}],"curies":[{"name":"wp","href":"https:\/\/api.w.org\/{rel}","templated":true}]}}

<h4><span style="color: #33cccc;">Celem Fundacji jest działalność społecznie użyteczna na rzecz ogółu społeczności w zakresie:</span></h4>
<ul>
<li>działalności pomocy społecznej, w tym pomocy rodzinom i osobom w trudnej sytuacji życiowej,</li>
<li>ochrony zdrowia oraz działania na rzecz osób niepełnosprawnych,</li>
<li>działalności wspomagającej rodziny borykające się z uzależnieniami,</li>
<li>nauki, edukacji, oświaty i wychowania,</li>
<li>działalności wspomagającej technicznie, szkoleniowo, informacyjnie lub finansowo inne organizacje wykonujące zadania wymienione wyżej,</li>
</ul>
<p class="Standard">i wspieranie tej działalności, poprzez:</p>
<ul>
<li>skupienie wokół idei Fundacji przedstawicieli różnych środowisk, organizacji i instytucji.</li>
<li>organizowanie zebrań, konferencji, szkoleń, odczytów i imprez,</li>
<li>kampanie informacyjne, wydawnictwa i inne formy medialne,</li>
<li>organizowanie i finansowanie specjalistycznych ośrodków, poradni, zakładów i szkół,</li>
<li>pozyskiwanie zasobów materialnych i organizowanie zaopatrzenia technicznego,</li>
<li>inwestycje, adaptacje, remonty i lokale, wyposażanie ośrodków i innych form,</li>
<li>tworzenie, finansowanie i prowadzenie programów przedsięwzięć i in.,</li>
</ul>
<p><strong>Działania Fundacji są „non profit”.</strong></p>
<p class="Standard">Fundacja jest powołana do finansowania określonych zadań w granicach określonych jej celem. Dla urzeczywistnienia celów statutowych Fundacja prowadzi działalność gospodarczą. Dochód z działalności gospodarczej służy wyłącznie realizacji celów statutowych lub zadań należących do sfery zadań publicznych.</p>
<p><span style="color: #ff0000;"><strong>Fundacja prowadzi </strong><strong>działalność nieodpłatną w zakresie</strong><strong> : </strong></span></p>
<p><strong>1)</strong> <strong>pomocy społecznej, w tym pomocy rodzinom i osobom w trudnej sytuacji </strong><strong>życiowej.</strong></p>
<p>Organizacja spotkań z osobami poszukującymi pomocy, prowadzenie konsultacji specjalistycznych jak porady psychologa, pedagoga, psychiatry, lekarza rodzinnego. Kierowanie do innych instytucji. Pomoc w rozwiązywaniu kryzysów w rodzinie. Obsługa telefonu zaufania.</p>
<p><strong>2) </strong><strong>ochrony i promocji zdrowia. </strong></p>
<p>Organizacja prelekcji wykładów dotyczących ochrony zdrowia, promocji zdrowego odżywiania i zdrowego wypoczynku. Audycje radiowe. Edukacja w zakresie nowych terapii, porady dietetyka. Propagowanie profilaktyki w utrzymaniu zdrowia. Współpraca z innymi organizacjami i fundacjami.</p>
<p><strong>3) działalności na rzecz osób niepełnosprawnych;</strong></p>
<p>Praca na rzecz osób niepełnosprawnych w zakresie konsultacji, bezpośredniej pomocy fizjoterapeutycznej, pomocy w informowaniu dot. sprzętu rehabilitacyjnego, zachęcanie do zwiększania zakresu ich samodzielności. Pomoc psychologiczna, pedagogiczna i z zakresu porad lekarza rodzinnego. Prowadzenie warsztatów plastycznych i muzykoterapii. Obsługa telefonu zaufania</p>
<p><strong>4) działalności na rzecz osób w wieku emerytalnym;</strong></p>
<p>Organizowanie zadań dla osób w wieku emerytalnym potrzebnych w ich rodzinie lub w sąsiedztwie w sytuacji kryzysu rodziny. Pomoc indywidualna dla osób starszych wykonujących zadania pomocnicze, pomoc psychologiczna i doradcza. Prelekcje, konferencje na temat zdrowia i wykorzystania potencjału osób starszych dla dobra rodziny i społeczeństwa. Obsługa telefonu zaufania.</p>
<p><strong>5) przeciwdziałania uzależnieniom i patologiom społecznym.</strong></p>
<p class="Standard">Udział w mediach w audycjach radiowych i telewizjjnych, prowadzenie prelekcji w szkołach, udział w konferencjach naukowych i społecznych. Rozdawanie ulotek, rozwieszanie plakatów o tematyce propagującej trzeźwość. Organizowanie konferencji i odczytów. Współpraca z prasą. Prowadzenie konsultacji indywidualnych i zbiorowych, porad psychologicznych, pedagogicznych, porad lekarskich. Prowadzenie telefonu zaufania. Prowadzenie konsultacji i porad prawnych. Tworzenie grup wsparcia i samopomocy dla ofiar przemocy i dla rodzin. Współpraca ze szkołami, Opieką Społeczną oraz Komisją ds. Rozwiązywania Problemów Alkoholowych. Współpraca z Kościołem</p>

<p>Celem Fundacji jest działalność społecznie użyteczna na rzecz ogółu społeczności w zakresie: działalności pomocy społecznej, w tym pomocy rodzinom i osobom w trudnej sytuacji życiowej, ochrony zdrowia oraz działania na rzecz osób niepełnosprawnych, działalności wspomagającej rodziny borykające się z uzależnieniami, nauki, edukacji, oświaty i wychowania, działalności wspomagającej technicznie, szkoleniowo, informacyjnie.</p>
